, -218 = -3*l + i + 21. What are the prime factors of l?
2, 3, 13
Let j = -18 + 16. Let g be (-2 + j - -9)/1. Suppose -g*o - 170 = -485. What are the prime factors of o?
3, 7
Suppose o + 11 = 4*i, -3*i - 2*o + 4 = 2*i. Suppose 3*a + 859 = i*d, a + 0 = -5. What are the prime factors of d?
2, 211
Suppose -p - 5*q + 395 + 361 = 0, -3836 = -5*p + 3*q. Suppose -2*v = -2*d + 3*d - p, -2*d - 5*v = -1530. List the prime factors of d.
2, 5, 7, 11
Let l be (-8)/(-14) + 29666/49 - 2. Let z = 1069 - l. What are the prime factors of z?
3, 5, 31
Let v(n) = 8*n**2 - 148*n + 315. What are the prime factors of v(58)?
103, 181
Let k be ((-8)/(-20))/(6/15). Let c be -1536*(1/(-2))/k. Suppose 0*o - 6*o = -c. List the prime factors of o.
2
Let h(l) = 110*l + 18. Let v(z) = 440*z + 72. Let m(x) = -9*h(x) + 2*v(x). List the prime factors of m(-4).
2, 211
Suppose 5*k - 20713 = -n, -4*n - k + 82948 = 3*k. What are the prime factors of n?
20743
Let g(c) = c**2 - 32*c + 156. Let l be g(26). Suppose -20*j + 13*j + 2583 = l. List the prime factors of j.
3, 41
Let k(y) = 7*y - 6 - 25 - 6 + 4. Let r be k(5). Suppose -r*a = 2*g - 50, -2*a - 107 = -5*g + 2*a. List the prime factors of g.
23
Let w be (-6026)/(-10) - (8 - (-84)/(-10)). Suppose -9*h - w = -12*h. List the prime factors of h.
3, 67
Let c be (-44)/(1 - 12/4). List the prime factors of 4/(-44) + (13598/c - -5).
7, 89
Let h = 380 - -950. Suppose 21*j = 28*j - h. List the prime factors of j.
2, 5, 19
Suppose 33 = 2*n + 1. Let y = 1541 - 1535. Suppose -2*q - y = -n. What are the prime factors of q?
5
Suppose 0 = 23*f - 30*f. Suppose -o = -4*t + 2178, -2182 = -f*t - 4*t + 3*o. List the prime factors of t.
2, 17
Suppose -200*a - 40144 = -4*v - 195*a, 5*a + 30108 = 3*v. List the prime factors of v.
2, 13, 193
List the prime factors of 34830*((-2)/(-2))/(194 - 193).
2, 3, 5, 43
Let m(w) = -15*w + 99. Let h(p) = 1. Let o(g) = -5*h(g) + m(g). List the prime factors of o(-22).
2, 53
Let f = -6973 + 15158. List the prime factors of f.
5, 1637
Suppose -t - 651 = -2*u, -3*u = -3*t - 1783 - 158. Let a = t + 977. What are the prime factors of a?
2, 167
Let c(n) = -8*n**3 + 12*n**2 + 2*n + 29. List the prime factors of c(-9).
5, 29, 47
Suppose 63012 = 4*v - v - f, 3*v - 63012 = 9*f. List the prime factors of v.
2, 59, 89
Let f = -28084 + 39291. What are the prime factors of f?
7, 1601
Let k = -37 + 57. Let q(t) = -20 + k*t + 9 + 0 - 6. List the prime factors of q(6).
103
Let l(w) = 4*w**3 + 5 + 12*w**2 - 3*w - 9*w**2 + 2*w**3. What are the prime factors of l(2)?
59
Let l(i) = -11*i + 19. Let v be l(2). What are the prime factors of v + 51*(2 - (-160)/15)?
643
What are the prime factors of (2/(-4))/(((-2208605)/(-245400) - 9)*-2)?
2, 3, 5, 409
Let h(d) = -3*d - 2. Let u be h(7). Let k be 12*(-5)/10*14. Let r = u - k. List the prime factors of r.
61
Let n(k) = -k**3 - 15*k**2 - k - 30. Let u be n(-13). Let s = -27 - u. What are the prime factors of s?
2, 41
Let a(r) = 12*r**2 - 6*r + 57. What are the prime factors of a(-11)?
3, 5, 7
Let u be (0 - 9)/((225/(-70))/15). List the prime factors of -116*44/(-12) - 14/u.
5, 17
Let i(u) = -u**2 + 25. Let z(c) = -c**2 + 24. Let x(p) = -4*i(p) + 3*z(p). Let h be x(-6). List the prime factors of (h/5)/(2 - (-616)/(-310)).
2, 31
Let y(c) = -c**3 - 6*c**2 + 40*c + 3. Let p be y(-10). Suppose p*u - 5*g - 2058 - 1003 = 0, 4*u + 5*g - 4023 = 0. List the prime factors of u.
2, 11, 23
Let s = 1068 + -84. Suppose -5*x + s = -2*x. List the prime factors of x.
2, 41
Suppose 3*r - 314 = 2*t - 0*t, -3*r - 2*t + 298 = 0. Let n be (-1 - -3) + -176 + (-12)/(-4). List the prime factors of (r/18 + -6)/(1/n).
3, 19
Let u(x) = 87*x**2 + 31*x + 114. What are the prime factors of u(-5)?
2, 11, 97
Let t = 1468 - 948. Suppose 3*z = 5*z - 4. Suppose -z*m - 190 = -l, 0 = 3*l + 6*m - 2*m - t. List the prime factors of l.
2, 3, 5
Let d(l) = 8 + 4*l**2 - 1 + l**3 - 35*l - 5*l**2 - 4*l**2. List the prime factors of d(9).
2
Let x = 99443 + -44808. What are the prime factors of x?
5, 7, 223
Suppose -8*k + 13*k = -10. What are the prime factors of k/(-6) + ((-1673)/(-3) - -2)?
2, 5, 7
Let x(j) = 4*j**2 + 3*j - 39. Let r(a) = 2*a + 41. Let l be r(-18). List the prime factors of x(l).
2, 19
Let s = 2147 + -162. What are the prime factors of s?
5, 397
Let w = 2399 - -4858. Suppose -5*z - 2*j = -7254, -j + w = z + 4*z. What are the prime factors of (-6)/(-4)*z/18?
11
Suppose 5*y + 25*h - 26*h - 46418 = 0, -3*y = -4*h - 27861. What are the prime factors of y?
9283
Let a = 63 + -61. Suppose -1 = -2*w + a*b + b, -8 = -w - b. Suppose -w*r + 624 = 3*r. What are the prime factors of r?
2, 3, 13
Suppose 0 = -15*o + 7*o - 8. Let y(d) = -644*d**3 + d**2 + 3*d + 1. What are the prime factors of y(o)?
643
Suppose 0 = -4*h + 137 - 1. Let a = h + -32. Suppose -2*b + 376 = 4*z, -z = a*b - 4*b - 99. List the prime factors of z.
5, 19
Suppose -43376 = -4*u - 0*u - 4*c, 2*c + 43352 = 4*u. What are the prime factors of u?
2, 5, 271
Let a(o) = -49*o + 41*o - 27*o - 139 + o**2. What are the prime factors of a(46)?
367
Let j = 70 - 28. What are the prime factors of (j/(-9))/((32/(-348))/4)?
7, 29
Suppose k = -4*k + 25. Let h = 100 + 15. Suppose 0 = -r - 5*u + h, u - 113 = -k*r + 414. What are the prime factors of r?
3, 5, 7
Let n(u) = 108*u**2 + 5*u + 11. List the prime factors of n(9).
2, 31, 71
What are the prime factors of ((-4)/42)/((-4)/12) + 43901242/1078?
3, 5, 181
Let l = 43 - 37. Let n be (-2)/11 + l/33. Suppose n*u + 5*u = 675. List the prime factors of u.
3, 5
Suppose -g + 5*n + 25728 = 0, -77204 = -3*g - 21*n + 16*n. List the prime factors of g.
25733
Let a be (0 + -3 - 2)*-3. Suppose 4*r = -2*g + 28, 0*g + 4*g = -5*r + 29. List the prime factors of (a/r)/(-3*(-1)/117).
5, 13
Suppose -3*n - 70 + 0 = 2*y, 184 = -4*y + 5*n. Let i = y + 43. Suppose -l + i*l = 5, -3*l - 79 = -p. What are the prime factors of p?
2, 47
Suppose 2*x - 6 = 0, -4*x = -3*j + 26543 - 3170. What are the prime factors of j?
5, 1559
Suppose 4*w = -12, -4*r + w - 15469 = -8*r. Suppose -16*q + r + 2084 = 0. What are the prime factors of q?
2, 3, 31
Let p be (1*12/(-15))/((-2)/25). Suppose s - p = -0*s. List the prime factors of (-355 + 0)*1/(s/(-4)).
2, 71
Suppose 2*x = -3*d - d - 2, -5*d - 5*x = 5. Suppose 0 = g - 4*b - 461, d*g - b - 936 = -2*g. What are the prime factors of g?
7, 67
Let z(l) be the second derivative of -l**5/20 - l**4/12 + l**3 - 5*l**2/2 + 2*l. Let s be z(2). What are the prime factors of ((-6)/(-2))/(s/(-115))?
3, 23
Suppose 12*w - 11*w = 11. Suppose w*b = 16*b - 505. Suppose 8*y - 131 - b = 0. List the prime factors of y.
29
What are the prime factors of (-3965223)/(-253) + 2/66*6 - -8?
3, 5227
Let o = 739 + -1365. Let m = -605 - o. What are the prime factors of m?
3, 7
Suppose 5*k - i - 201330 = 0, 0 = k + 7*i - 10*i - 40252. List the prime factors of k.
67, 601
Let g(r) = 52*r**2 - 61*r + 1141. List the prime factors of g(-25).
2, 3, 5861
Suppose 0 = 2*r + 2*m + 396, 540 = -4*r + 5*m - 216. Let q = r + 602. What are the prime factors of q?
2, 3, 17
Let x(l) = 605*l + 1334. What are the prime factors of x(15)?
7, 1487
Let n = 326 + -494. What are the prime factors of (-1)/6 - 53116/n?
2, 79
Suppose -f - 3*x + 6654 = 0, -4*f + 4*x + 10069 = -16595. What are the prime factors of f?
3, 2221
List the prime factors of (3*8)/(182/91) + 78432.
2, 3, 2179
Suppose 5*i = 23*k - 19*k - 168694, 5*k + 3*i - 210812 = 0. What are the prime factors of k?
2, 29, 727
Let z(s) = -63 - 3*s + 141*s + 85*s. List the prime factors of z(2).
383
Let o(t) = -36*t + 45. Let h(r) = -9*r + 11. Let x(a) = -26*h(a) + 6*o(a). Let z be x(14). Suppose -70 + z = 2*d. What are the prime factors of d?
83
Let d(g) = 3*g**3 - 2*g**2 + 4*g + 10. Let q be d(-2). List the prime factors of 1/((-6)/q) + 35*33.
2, 5, 29
Let d(x) = -7*x**2 + 13*x - 54. Let a(r) = -13*r**2 + 27*r - 108. Let q(n) = -4*a(n) + 7*d(n). What are the prime factors of q(14)?
2, 101
Let j = -5206 + -6794. Let o be (-2*(-8)/(-6))/((-28)/42). What are the prime factors of j/(-105) - o/14?
2, 3, 19
Suppose -85*n + 151*n = 84*n - 253044. What are the prime factors of n?
2, 3, 11, 71
Suppose -5*a = -f - 12604 - 28362, 2*a = -4*f + 16382. Suppose 20*x = 4167 + a. What are the prime factors of x?
2, 3, 103
Let u(f) = -14